{"id":2236,"date":"2024-08-25T11:36:13","date_gmt":"2024-08-25T09:36:13","guid":{"rendered":"https:\/\/thetrial.org\/?page_id=2236"},"modified":"2025-07-25T13:08:24","modified_gmt":"2025-07-25T11:08:24","slug":"videos-of-the-trial","status":"publish","type":"page","link":"https:\/\/thetrial.org\/sv\/videos-of-the-trial\/","title":{"rendered":"Videor av R\u00e4tteg\u00e5ngen"},"content":{"rendered":"<div class=\"wp-block-columns space-bottom-0 is-layout-flex wp-container-core-columns-is-layout-9d6595d7 wp-block-columns-is-layout-flex\">\n<div class=\"wp-block-column is-layout-flow wp-block-column-is-layout-flow\">\n<h1 class=\"wp-block-heading\">Videor av R\u00e4tteg\u00e5ngen<\/h1>\n<\/div>\n<\/div>\n\n\n\n<div class=\"wp-block-columns top-0 space-top-0 is-layout-flex wp-container-core-columns-is-layout-9d6595d7 wp-block-columns-is-layout-flex\">\n<div class=\"wp-block-column is-layout-flow wp-block-column-is-layout-flow\">\n<div class=\"wp-block-group is-layout-grid wp-container-core-group-is-layout-baef362d wp-block-group-is-layout-grid\">\n<div class=\"wp-block-group bg-gradient-radial-prim-light\"><div class=\"wp-block-group__inner-container is-layout-constrained wp-block-group-is-layout-constrained\">\n<figure class=\"wp-block-embed is-type-video is-provider-youtube wp-block-embed-youtube wp-embed-aspect-16-9 wp-has-aspect-ratio\"><div class=\"wp-block-embed__wrapper\">\n<iframe loading=\"lazy\" title=\"R\u00e4tteg\u00e5ngen 2024 - M\u00f6te #1 - onsdag morgon\" width=\"500\" height=\"281\" src=\"https:\/\/www.youtube.com\/embed\/THxIt34al3w?feature=oembed\" frameborder=\"0\" allow=\"accelerometer; autoplay; clipboard-write; encrypted-media; gyroscope; picture-in-picture; web-share\" referrerpolicy=\"strict-origin-when-cross-origin\" allowfullscreen><\/iframe>\n<\/div><\/figure>\n\n\n\n<p><strong>The Trial 2024 - M\u00f6te #1 - Onsdag morgon<\/strong><br>00:00:00 Inledning med shofar-tillbedjan av Eric Lagestrom och band<br>00:30:30 Jack van der Tang tar med sig Torah-fallet och ber\u00e4ttar om \"varf\u00f6r r\u00e4tteg\u00e5ngen<br>00:46:30 ambassad\u00f6r Modi Ephraim h\u00e4lsar alla v\u00e4lkomna<br>00:51:28 Jack van der Tang forts\u00e4tter<br>00:54:00 Rabbi Katzman, som \u00e4r den lokala rabbinen, talar om internationell r\u00e4tt<br>01:08:40 Officiell \u00f6ppningsb\u00f6n med John Robb, Hudson Mukunza och Jack van der Tang<br>01:15:05 B\u00f6n av Jack van der Tang, f\u00f6rsta anv\u00e4ndningen av inledningen av sessionerna med klubban den kommande sektionen leds av Eddy Boevink<br>01:15:50 Lars Enarson: \"Sanningen om Palestina\"<br>01:49:55 Kevin Jessip Grundare av The Return International<br>02:13:00 David Parson Vice president f\u00f6r den internationella ambassaden i Jerusalem<br>02:27:21 Willem Glashouwer ordf\u00f6rande f\u00f6r Christians for Israel International<\/p>\n<\/div><\/div>\n\n\n\n<div class=\"wp-block-group bg-gradient-radial-prim-light\"><div class=\"wp-block-group__inner-container is-layout-constrained wp-block-group-is-layout-constrained\">\n<figure class=\"wp-block-embed is-type-video is-provider-youtube wp-block-embed-youtube wp-embed-aspect-16-9 wp-has-aspect-ratio\"><div class=\"wp-block-embed__wrapper\">\n<iframe loading=\"lazy\" title=\"R\u00e4tteg\u00e5ngen 2024 - M\u00f6te #2 - onsdag eftermiddag\" width=\"500\" height=\"281\" src=\"https:\/\/www.youtube.com\/embed\/pKK4VcOq_IU?feature=oembed\" frameborder=\"0\" allow=\"accelerometer; autoplay; clipboard-write; encrypted-media; gyroscope; picture-in-picture; web-share\" referrerpolicy=\"strict-origin-when-cross-origin\" allowfullscreen><\/iframe>\n<\/div><\/figure>\n\n\n\n<p><strong>The Trial 2024 - M\u00f6te #2 - onsdag eftermiddag<\/strong><br>00:00:00 Shofar och \u00f6ppningsanf\u00f6rande av Jack van der Tang<br>00:01:15 Worship<br>00:30:25 Andrew Tucker: Israel, \"Palestina\" och Internationella domstolen<br>01:04:45 Bill Koenig: \"\u00d6ga mot \u00f6ga<br>01:39:10 \"Varning f\u00f6r Guds r\u00f6st\"<br>02:03:45 dr Satish Kumar om \u00e5nger<br>02:07:10 Tid f\u00f6r omv\u00e4ndelse av representanter f\u00f6r olika nationer, av Berthold Becker<br>02:56:20 Avslutande ord f\u00f6r denna session av Jack van der Tang<br>03:01:40 Tillbedjan - Elias s\u00e5ng<\/p>\n<\/div><\/div>\n\n\n\n<div class=\"wp-block-group bg-gradient-radial-prim-light\"><div class=\"wp-block-group__inner-container is-layout-constrained wp-block-group-is-layout-constrained\">\n<figure class=\"wp-block-embed is-type-video is-provider-youtube wp-block-embed-youtube wp-embed-aspect-16-9 wp-has-aspect-ratio\"><div class=\"wp-block-embed__wrapper\">\n<iframe loading=\"lazy\" title=\"R\u00e4tteg\u00e5ngen 2024 - M\u00f6te #3 - Torsdag morgon - undertecknande av dekretet\" width=\"500\" height=\"281\" src=\"https:\/\/www.youtube.com\/embed\/f901ZJqjNZg?feature=oembed\" frameborder=\"0\" allow=\"accelerometer; autoplay; clipboard-write; encrypted-media; gyroscope; picture-in-picture; web-share\" referrerpolicy=\"strict-origin-when-cross-origin\" allowfullscreen><\/iframe>\n<\/div><\/figure>\n\n\n\n<p><strong>The Trial 2024 - M\u00f6te #3 - Torsdag morgon - undertecknande av dekretet<\/strong><br>00:00:00 Worship<br>00:32:45 Inledning av Jack van der Tang - introduktion Dekretet - att f\u00f6rkunna tillsammans<br>00:50:55 Shofars<br>00:52:00 Jim Garlow: bland andra: kraftfullt vittnesm\u00e5l om Ridderzaal - 2019<br>Vikten av att komma i handling och lyda Guds vilja<br>01:09:40 kallar nationernas f\u00f6retr\u00e4dare fram\u00e5t eller att resa sig upp<br>01:13:30 Domstolsprocessen inleds officiellt - ledarna st\u00e5r upp f\u00f6r sin nation<br>01:59:30 Ett direkt ord till de 15 domarna i Internationella brottm\u00e5lsdomstolen<br>02:00:40 Avslutning med ordf\u00f6randeklubban<br>02:01:05 gudstj\u00e4nst<br>02:05:33 Kevin Jessip<br>02:16:50 avslutande ord av Jack van der Tang<\/p>\n<\/div><\/div>\n\n\n\n<div class=\"wp-block-group bg-gradient-radial-prim-light\"><div class=\"wp-block-group__inner-container is-layout-constrained wp-block-group-is-layout-constrained\">\n<figure class=\"wp-block-embed is-type-video is-provider-youtube wp-block-embed-youtube wp-embed-aspect-16-9 wp-has-aspect-ratio\"><div class=\"wp-block-embed__wrapper\">\n<iframe loading=\"lazy\" title=\"R\u00e4tteg\u00e5ngen 2024 - M\u00f6te #4 - Torsdag eftermiddag - levererar dekretet\" width=\"500\" height=\"281\" src=\"https:\/\/www.youtube.com\/embed\/Bai1KuCEbM8?feature=oembed\" frameborder=\"0\" allow=\"accelerometer; autoplay; clipboard-write; encrypted-media; gyroscope; picture-in-picture; web-share\" referrerpolicy=\"strict-origin-when-cross-origin\" allowfullscreen><\/iframe>\n<\/div><\/figure>\n\n\n\n<p><strong>The Trial 2024 - M\u00f6te #4 - Torsdag eftermiddag - avkunnande av dekretet<\/strong><br>00:00:00 start sista sessionen av den officiella delen av The Trial<br>00:00:04 Worship<br>00:22:03 Jack van der Tang<br>00:23:00 Christo Heiberg fr\u00e5n Sydafrika<br>00:47:40 Tania Koeing introducerar och f\u00f6rklarar om budskapet fr\u00e5n Brasiliens f\u00f6rsta dam, Michele Bolsenaro<br>00:50:18 videomeddelande av Michele Bolsenaro<br>00:56:10 introduktion n\u00e4sta viseo's av Rick Ridings<br>01:01:42 videomeddelande fr\u00e5n Alfred Ngaro, maoriledare som tj\u00e4nstgjorde 18 \u00e5r som parlamentsledamot i Nya Zeeland och som minister i landets regering<br>01:04:30 videomeddelande Alfred Ngaro<br>videomeddelande fr\u00e5n en representant f\u00f6r Hennes Majest\u00e4t Drottningen av Tonga<br>01:06:25 Budskap fr\u00e5n Hudson Mukunza - Kenia<br>01:08:25 Meddelande fr\u00e5n John Robb<br>01:23:41 Rick Ridings<br>01:44:00 Ceremoni f\u00f6r att \"f\u00f6rsegla dekretet<br>01:50:09 Bl\u00e5sning av shofar<br>02:03:02 l\u00e4mnar med en delegation till Fredspalatset - tid f\u00f6r interaktion mellan Fredspalatset och WorldForum &amp; David Parson talar p\u00e5 framsidan av Fredspalatset<br>02:24:50 Ett mirakel: det om\u00f6jliga h\u00e4nder: Jack van der Tang till\u00e5ts komma in i ICJ och \u00f6verl\u00e4mna dekretet.<br>02:56:04 Gruppen \u00e4r tillbaka och en stunds tack och b\u00f6n f\u00f6ljer.<br>03:08:05 F\u00f6rs\u00f6ket \u00e4r officiellt avslutat. Endast kv\u00e4llssessionen kommer att f\u00f6lja.<\/p>\n<\/div><\/div>\n\n\n\n<div class=\"wp-block-group bg-gradient-radial-prim-light\"><div class=\"wp-block-group__inner-container is-layout-constrained wp-block-group-is-layout-constrained\">\n<figure class=\"wp-block-embed is-type-video is-provider-youtube wp-block-embed-youtube wp-embed-aspect-16-9 wp-has-aspect-ratio\"><div class=\"wp-block-embed__wrapper\">\n<iframe loading=\"lazy\" title=\"R\u00e4tteg\u00e5ngen 2024 - M\u00f6te #5 - Torsdag kv\u00e4ll - avslutningsceremoni\" width=\"500\" height=\"281\" src=\"https:\/\/www.youtube.com\/embed\/F0_tsfIdemk?feature=oembed\" frameborder=\"0\" allow=\"accelerometer; autoplay; clipboard-write; encrypted-media; gyroscope; picture-in-picture; web-share\" referrerpolicy=\"strict-origin-when-cross-origin\" allowfullscreen><\/iframe>\n<\/div><\/figure>\n\n\n\n<p><strong>The Trial 2024 - M\u00f6te #5 - Torsdag kv\u00e4ll - avslutningsceremoni<\/strong><br>00:00:45 Bl\u00e5sning i shofar<br>00:01:25 V\u00e4lkommen av Jack van der Tang<br>00:03:13 Worship<br>00:23:00 Dr Satish Kumar. Pastor i den st\u00f6rsta kyrkan i Indien<br>01:08:00 Urker Man's Choir<br>01:25:40 Yaron Wax, Israels bitr\u00e4dande ambassad\u00f6r i Haag<br>01:33:50 Videomeddelande av Jonathan Cahn<br>01:49:30 gudstj\u00e4nst<br>01:55:40 meddelande av Michele Bachmann<br>02:18:00 Avslutande ord av Jack van der Tang \/ dyrkan<\/p>\n<\/div><\/div>\n<\/div>\n<\/div>\n<\/div>","protected":false},"excerpt":{"rendered":"<p>Videos of The Trial The Trial 2024 &#8211; Meeting #1 &#8211; Wednesday morning00:00:00 Opening with the shofar worship by Eric Lagestrom and band00:30:30 Jack van der Tang brings the Torah case and shares about &#8216;why The Trial&#8217;00:46:30 ambassador Modi Ephraim welcomes everybody00:51:28 Jack van der Tang continues00:54:00 Rabbi Katzman, as the local rabbi, speaks about [&hellip;]<\/p>\n","protected":false},"author":8,"featured_media":0,"parent":0,"menu_order":0,"comment_status":"closed","ping_status":"closed","template":"","meta":{"_acf_changed":false,"footnotes":""},"class_list":["post-2236","page","type-page","status-publish","hentry"],"acf":[],"_links":{"self":[{"href":"https:\/\/thetrial.org\/sv\/wp-json\/wp\/v2\/pages\/2236","targetHints":{"allow":["GET"]}}],"collection":[{"href":"https:\/\/thetrial.org\/sv\/wp-json\/wp\/v2\/pages"}],"about":[{"href":"https:\/\/thetrial.org\/sv\/wp-json\/wp\/v2\/types\/page"}],"author":[{"embeddable":true,"href":"https:\/\/thetrial.org\/sv\/wp-json\/wp\/v2\/users\/8"}],"replies":[{"embeddable":true,"href":"https:\/\/thetrial.org\/sv\/wp-json\/wp\/v2\/comments?post=2236"}],"version-history":[{"count":3,"href":"https:\/\/thetrial.org\/sv\/wp-json\/wp\/v2\/pages\/2236\/revisions"}],"predecessor-version":[{"id":2260,"href":"https:\/\/thetrial.org\/sv\/wp-json\/wp\/v2\/pages\/2236\/revisions\/2260"}],"wp:attachment":[{"href":"https:\/\/thetrial.org\/sv\/wp-json\/wp\/v2\/media?parent=2236"}],"curies":[{"name":"wp","href":"https:\/\/api.w.org\/{rel}","templated":true}]}}

Videor av Rättegången

<div class="wp-block-columns space-bottom-0 is-layout-flex wp-container-core-columns-is-layout-9d6595d7 wp-block-columns-is-layout-flex">
<div class="wp-block-column is-layout-flow wp-block-column-is-layout-flow">
<h1 class="wp-block-heading">Videor av Rättegången</h1>
</div>
</div>



<div class="wp-block-columns top-0 space-top-0 is-layout-flex wp-container-core-columns-is-layout-9d6595d7 wp-block-columns-is-layout-flex">
<div class="wp-block-column is-layout-flow wp-block-column-is-layout-flow">
<div class="wp-block-group is-layout-grid wp-container-core-group-is-layout-baef362d wp-block-group-is-layout-grid">
<div class="wp-block-group bg-gradient-radial-prim-light"><div class="wp-block-group__inner-container is-layout-constrained wp-block-group-is-layout-constrained">
<figure class="wp-block-embed is-type-video is-provider-youtube wp-block-embed-youtube wp-embed-aspect-16-9 wp-has-aspect-ratio"><div class="wp-block-embed__wrapper">
<iframe loading="lazy" title="Rättegången 2024 - Möte #1 - onsdag morgon" width="500" height="281" src="https://www.youtube.com/embed/THxIt34al3w?feature=oembed" frameborder="0" allow="accelerometer; autoplay; clipboard-write; encrypted-media; gyroscope; picture-in-picture; web-share" referrerpolicy="strict-origin-when-cross-origin" allowfullscreen></iframe>
</div></figure>



<p><strong>The Trial 2024 - Möte #1 - Onsdag morgon</strong><br>00:00:00 Inledning med shofar-tillbedjan av Eric Lagestrom och band<br>00:30:30 Jack van der Tang tar med sig Torah-fallet och berättar om "varför rättegången<br>00:46:30 ambassadör Modi Ephraim hälsar alla välkomna<br>00:51:28 Jack van der Tang fortsätter<br>00:54:00 Rabbi Katzman, som är den lokala rabbinen, talar om internationell rätt<br>01:08:40 Officiell öppningsbön med John Robb, Hudson Mukunza och Jack van der Tang<br>01:15:05 Bön av Jack van der Tang, första användningen av inledningen av sessionerna med klubban den kommande sektionen leds av Eddy Boevink<br>01:15:50 Lars Enarson: "Sanningen om Palestina"<br>01:49:55 Kevin Jessip Grundare av The Return International<br>02:13:00 David Parson Vice president för den internationella ambassaden i Jerusalem<br>02:27:21 Willem Glashouwer ordförande för Christians for Israel International</p>
</div></div>



<div class="wp-block-group bg-gradient-radial-prim-light"><div class="wp-block-group__inner-container is-layout-constrained wp-block-group-is-layout-constrained">
<figure class="wp-block-embed is-type-video is-provider-youtube wp-block-embed-youtube wp-embed-aspect-16-9 wp-has-aspect-ratio"><div class="wp-block-embed__wrapper">
<iframe loading="lazy" title="Rättegången 2024 - Möte #2 - onsdag eftermiddag" width="500" height="281" src="https://www.youtube.com/embed/pKK4VcOq_IU?feature=oembed" frameborder="0" allow="accelerometer; autoplay; clipboard-write; encrypted-media; gyroscope; picture-in-picture; web-share" referrerpolicy="strict-origin-when-cross-origin" allowfullscreen></iframe>
</div></figure>



<p><strong>The Trial 2024 - Möte #2 - onsdag eftermiddag</strong><br>00:00:00 Shofar och öppningsanförande av Jack van der Tang<br>00:01:15 Worship<br>00:30:25 Andrew Tucker: Israel, "Palestina" och Internationella domstolen<br>01:04:45 Bill Koenig: "Öga mot öga<br>01:39:10 "Varning för Guds röst"<br>02:03:45 dr Satish Kumar om ånger<br>02:07:10 Tid för omvändelse av representanter för olika nationer, av Berthold Becker<br>02:56:20 Avslutande ord för denna session av Jack van der Tang<br>03:01:40 Tillbedjan - Elias sång</p>
</div></div>



<div class="wp-block-group bg-gradient-radial-prim-light"><div class="wp-block-group__inner-container is-layout-constrained wp-block-group-is-layout-constrained">
<figure class="wp-block-embed is-type-video is-provider-youtube wp-block-embed-youtube wp-embed-aspect-16-9 wp-has-aspect-ratio"><div class="wp-block-embed__wrapper">
<iframe loading="lazy" title="Rättegången 2024 - Möte #3 - Torsdag morgon - undertecknande av dekretet" width="500" height="281" src="https://www.youtube.com/embed/f901ZJqjNZg?feature=oembed" frameborder="0" allow="accelerometer; autoplay; clipboard-write; encrypted-media; gyroscope; picture-in-picture; web-share" referrerpolicy="strict-origin-when-cross-origin" allowfullscreen></iframe>
</div></figure>



<p><strong>The Trial 2024 - Möte #3 - Torsdag morgon - undertecknande av dekretet</strong><br>00:00:00 Worship<br>00:32:45 Inledning av Jack van der Tang - introduktion Dekretet - att förkunna tillsammans<br>00:50:55 Shofars<br>00:52:00 Jim Garlow: bland andra: kraftfullt vittnesmål om Ridderzaal - 2019<br>Vikten av att komma i handling och lyda Guds vilja<br>01:09:40 kallar nationernas företrädare framåt eller att resa sig upp<br>01:13:30 Domstolsprocessen inleds officiellt - ledarna står upp för sin nation<br>01:59:30 Ett direkt ord till de 15 domarna i Internationella brottmålsdomstolen<br>02:00:40 Avslutning med ordförandeklubban<br>02:01:05 gudstjänst<br>02:05:33 Kevin Jessip<br>02:16:50 avslutande ord av Jack van der Tang</p>
</div></div>



<div class="wp-block-group bg-gradient-radial-prim-light"><div class="wp-block-group__inner-container is-layout-constrained wp-block-group-is-layout-constrained">
<figure class="wp-block-embed is-type-video is-provider-youtube wp-block-embed-youtube wp-embed-aspect-16-9 wp-has-aspect-ratio"><div class="wp-block-embed__wrapper">
<iframe loading="lazy" title="Rättegången 2024 - Möte #4 - Torsdag eftermiddag - levererar dekretet" width="500" height="281" src="https://www.youtube.com/embed/Bai1KuCEbM8?feature=oembed" frameborder="0" allow="accelerometer; autoplay; clipboard-write; encrypted-media; gyroscope; picture-in-picture; web-share" referrerpolicy="strict-origin-when-cross-origin" allowfullscreen></iframe>
</div></figure>



<p><strong>The Trial 2024 - Möte #4 - Torsdag eftermiddag - avkunnande av dekretet</strong><br>00:00:00 start sista sessionen av den officiella delen av The Trial<br>00:00:04 Worship<br>00:22:03 Jack van der Tang<br>00:23:00 Christo Heiberg från Sydafrika<br>00:47:40 Tania Koeing introducerar och förklarar om budskapet från Brasiliens första dam, Michele Bolsenaro<br>00:50:18 videomeddelande av Michele Bolsenaro<br>00:56:10 introduktion nästa viseo's av Rick Ridings<br>01:01:42 videomeddelande från Alfred Ngaro, maoriledare som tjänstgjorde 18 år som parlamentsledamot i Nya Zeeland och som minister i landets regering<br>01:04:30 videomeddelande Alfred Ngaro<br>videomeddelande från en representant för Hennes Majestät Drottningen av Tonga<br>01:06:25 Budskap från Hudson Mukunza - Kenia<br>01:08:25 Meddelande från John Robb<br>01:23:41 Rick Ridings<br>01:44:00 Ceremoni för att "försegla dekretet<br>01:50:09 Blåsning av shofar<br>02:03:02 lämnar med en delegation till Fredspalatset - tid för interaktion mellan Fredspalatset och WorldForum &amp; David Parson talar på framsidan av Fredspalatset<br>02:24:50 Ett mirakel: det omöjliga händer: Jack van der Tang tillåts komma in i ICJ och överlämna dekretet.<br>02:56:04 Gruppen är tillbaka och en stunds tack och bön följer.<br>03:08:05 Försöket är officiellt avslutat. Endast kvällssessionen kommer att följa.</p>
</div></div>



<div class="wp-block-group bg-gradient-radial-prim-light"><div class="wp-block-group__inner-container is-layout-constrained wp-block-group-is-layout-constrained">
<figure class="wp-block-embed is-type-video is-provider-youtube wp-block-embed-youtube wp-embed-aspect-16-9 wp-has-aspect-ratio"><div class="wp-block-embed__wrapper">
<iframe loading="lazy" title="Rättegången 2024 - Möte #5 - Torsdag kväll - avslutningsceremoni" width="500" height="281" src="https://www.youtube.com/embed/F0_tsfIdemk?feature=oembed" frameborder="0" allow="accelerometer; autoplay; clipboard-write; encrypted-media; gyroscope; picture-in-picture; web-share" referrerpolicy="strict-origin-when-cross-origin" allowfullscreen></iframe>
</div></figure>



<p><strong>The Trial 2024 - Möte #5 - Torsdag kväll - avslutningsceremoni</strong><br>00:00:45 Blåsning i shofar<br>00:01:25 Välkommen av Jack van der Tang<br>00:03:13 Worship<br>00:23:00 Dr Satish Kumar. Pastor i den största kyrkan i Indien<br>01:08:00 Urker Man's Choir<br>01:25:40 Yaron Wax, Israels biträdande ambassadör i Haag<br>01:33:50 Videomeddelande av Jonathan Cahn<br>01:49:30 gudstjänst<br>01:55:40 meddelande av Michele Bachmann<br>02:18:00 Avslutande ord av Jack van der Tang / dyrkan</p>
</div></div>
</div>
</div>
</div>
